of j.
3, 151
Suppose s - 12 = -4*u - s, 4*s - 6 = -2*u. Suppose 2*l = -5*q + 340, 641 = u*l - 5*q + 106. What are the prime factors of l?
5, 7
Let b be -2*(-57)/(-6)*(-4 + -1). Let j be ((-5)/3)/(b/(-15) + 6). Suppose 0 = j*g - 962 + 257. List the prime factors of g.
3, 47
Suppose -13*w + 11*w + 2*o = -4, -4*o = -3*w + 2. Suppose -3*f + 2*z = -554, w*f - 5*f - z = 183. List the prime factors of f.
2, 47
Suppose -5*y - m = -44938, -2*m = -4*y + 2*m + 35960. Suppose -9*t + 21*t = y. List the prime factors of t.
7, 107
Let q(i) = i**2 - 1. Let z be q(-2). Let j = 382 + 81. Suppose -4*a - j = -5*p, -a = p + z*p - 362. List the prime factors of p.
7, 13
Suppose 80*a - 233*a = -520606 - 1892510. List the prime factors of a.
2, 3943
Suppose -39*o + 563508 = -175308. What are the prime factors of o?
2, 37
Let y(j) = -344*j + 4065. What are the prime factors of y(-59)?
17, 1433
Let n(t) = 35*t**2 + 15*t + 17. List the prime factors of n(-7).
1627
Suppose -68*r + 61*r + 42 = 0. Suppose 2*m + 5*p = 120, 9*p - r*p + 269 = 5*m. What are the prime factors of m?
5, 11
Let q(m) = -m**3 + 3*m**2 + 2*m + 2. Let w be q(0). Suppose -l + 3*d + 544 = -w*d, 3*l - 4*d - 1654 = 0. List the prime factors of l.
2, 277
Let b = 5630 - 2728. What are the prime factors of b?
2, 1451
Let g = 41 + -15. Suppose -6*h = 14 - g. Suppose 161 = h*j + 5*j. What are the prime factors of j?
23
Suppose 4*o - 101840 = -3*v, 44*v - 46*v + o + 67908 = 0. List the prime factors of v.
2, 1061
Let m be -1*(-6 + 4 + -5). Suppose 12*q - 640 = m*q. List the prime factors of q.
2
Let y be 27/(-18)*(-1 - 3). Suppose -3*n = -0*n - 2*k - y, -9 = 3*n + 3*k. Suppose 4*i - 99 - 101 = n. List the prime factors of i.
2, 5
Let w = 70 + -66. Suppose 0 = -6*r - w + 28. Suppose 436 = 5*n - 2*h, r*n + 74 = 5*n + 4*h. List the prime factors of n.
2, 43
Let k(h) = -h**3 + 6*h**2 + h - 3. Let x be k(6). Suppose -4*s + 5 = -x. Suppose 6*p - 1400 = -s*p. List the prime factors of p.
5, 7
What are the prime factors of (-1*102 + -4)*-921*8/24?
2, 53, 307
Let u be 6/4*1676/6. Suppose -825 = -4*n + u. What are the prime factors of n?
311
Let n be (312 + -1)/((-9)/2 + 5). Suppose -2*z + 647 = z - 5*w, 3*z = 3*w + 645. Suppose 2*h + 2*y - z = h, 3*h = -2*y + n. List the prime factors of h.
2, 3, 17
Let g(h) be the third derivative of 41*h**4/24 + h**3/3 - 23*h**2. Let z(i) = -41*i - 1. Let q(l) = 6*g(l) + 7*z(l). List the prime factors of q(-1).
2, 23
Let l(z) = 4*z + 7. Let i(f) be the third derivative of 7*f**4/24 + 7*f**3/3 + 14*f**2. Let o(u) = 4*i(u) - 10*l(u). What are the prime factors of o(-8)?
2, 41
List the prime factors of (2135/245 - 9) + 224128/7.
2, 7, 2287
Let f = -11 - -15. What are the prime factors of 14*6/7 - f?
2
Let c = 5770 + -2965. List the prime factors of c.
3, 5, 11, 17
Suppose -523746 = -17*h + 438845. List the prime factors of h.
7, 8089
Let t = -669 + 1980. What are the prime factors of t?
3, 19, 23
Let x = 70928 + -27508. List the prime factors of x.
2, 5, 13, 167
Suppose -l - l = 8, -f + 5*l + 28 = 0. Suppose -2*t - 686 = -3*y, -f*y + 3*y + t + 1141 = 0. What are the prime factors of y?
2, 3, 19
List the prime factors of (-70)/28*113884/(-10).
71, 401
Let f be -2*(-3)/((-12)/(-4)). Suppose -f*d + 1 = -3. Suppose -d*c - 26 = -a, -2*a + 3*c + 15 = -40. List the prime factors of a.
2
List the prime factors of (-2288)/33*(205989/28)/(-17).
2, 13, 577
Let p be 71396/12 + (-4)/(-12). Suppose 34*u = 9*u + p. List the prime factors of u.
2, 7, 17
Suppose 0 = 13*i - 14*i + 128. Let h = -106 - i. List the prime factors of (-1 + 3/(-2))/(39/h).
3, 5
Let d be (0 + -3)*100/75. Let w be d + 7 - ((5 - 2) + 0). Suppose -3*z + 3*h + 251 = -112, w = h - 4. List the prime factors of z.
5
What are the prime factors of (2115/4)/(((-6)/28)/((-23904)/2324))?
2, 3, 5, 47
Let l = 13052 + -213. List the prime factors of l.
37, 347
Let l = -726 + 729. Suppose l*x - 1883 = -3*d + 1138, -4*x - 3*d = -4026. List the prime factors of x.
3, 5, 67
What are the prime factors of (-73)/(1022/(-264180))*(1 - 0)?
2, 3, 5, 17, 37
Let a(q) = 0*q**2 - 206*q**3 - 5*q**2 + 207*q**3 + 3*q - 10. Let r be a(5). Suppose -i - 203 = -2*y - 4*i, 5*y = -r*i + 500. What are the prime factors of y?
97
Suppose -5*a + 3*z + 137379 - 43995 = 0, 3*a = 4*z + 56037. What are the prime factors of a?
3, 5, 83
Let c = 184 - 191. Let t(l) = -42*l + 35. List the prime factors of t(c).
7, 47
Suppose 27 = -2*t - 3*p + 6*p, -2*t + 5*p - 29 = 0. Let j be 335*(-3)/t*4. Suppose -5*x + j = 5*y - 0*y, -y + 4*x = -47. What are the prime factors of y?
3, 7
Suppose h - 1256689 + 195889 = -15*h. List the prime factors of h.
2, 3, 5, 13, 17
Let s(u) be the second derivative of -13/2*u**2 - u**4 + 0 + 8*u - 2/3*u**3 - 1/20*u**5. List the prime factors of s(-12).
5, 7
Suppose -n + 32 = 3*v, 0 = -3*v - 2 + 5. Let g(x) = 4 - 50*x + n*x - 22 - 37*x. What are the prime factors of g(-4)?
2, 107
Suppose -4*b + 2*h = -3178, b + 5*h - h = 790. List the prime factors of 15/(-30) - b/(-4).
2, 3, 11
Suppose 0 = 5*x + 2*f - 89, -f = 2*x - 31 - 5. List the prime factors of (-2)/x - ((-96940)/85)/4.
3, 5, 19
Let m(k) = -5*k - 9. Let t be m(-2). List the prime factors of 566*1/2 + (-3)/t.
2, 5, 7
List the prime factors of (-150)/(-40)*9/5*(-183248)/(-39).
2, 3, 881
Let u = 968 + -487. Let r = -342 + u. List the prime factors of r.
139
Let d(f) = -77*f + 99*f + 40*f + 46. List the prime factors of d(6).
2, 11, 19
Let w be (0/1)/(-1) - 1. Let j(r) = 26*r + 11*r - r**2 + 39*r**2 - 36*r + 1. List the prime factors of j(w).
2, 19
Let v = -14398 + 25004. List the prime factors of v.
2, 5303
Let o = -40 + 24. Let u be 92/o - (-2)/(-8). What are the prime factors of u/4*(-400)/12?
2, 5
Let u be 2/(-1) - (419 - 66). Let d = 206 - u. What are the prime factors of d?
3, 11, 17
Suppose -7*u - 240 = 257. Let a = u + 65. What are the prime factors of (-1 - 290)*a/18*1?
97
Let d = 160 + -77. Let p = d + -138. Let j = p - -104. What are the prime factors of j?
7
Let a = 1830 + 365. Suppose -2*q - 1090 = -2*f, q + a = f + 3*f. List the prime factors of f.
2, 5, 11
Let b(w) = -16*w - 6. Let i = 0 - -9. Let q = i - 14. List the prime factors of b(q).
2, 37
Suppose 5*n + 3*a = 22 - 86, -3*a = -5*n - 76. Let i(d) = -d**3 - 11*d**2 + 38*d - 13. List the prime factors of i(n).
43
Let a(k) = 26*k - 34. Let u be a(1). List the prime factors of u*(-5)/(60/1614).
2, 269
Let o(b) = b**3 - 85*b**2 - 544*b + 378. What are the prime factors of o(91)?
2, 5, 7
Suppose -173456 = -23*r - 17263. List the prime factors of r.
6791
Let u = 8 - 4. Suppose 4*r = 5*r - u*r. Suppose -3*c - 4*f = -5, r*c - c + f = -4. What are the prime factors of c?
3
Let d = 30864 + -20101. What are the prime factors of d?
47, 229
Let b = 753 - 1053. Let i = 1108 + b. What are the prime factors of i?
2, 101
Suppose -72*q + 190315 = -428957. List the prime factors of q.
3, 47, 61
Let s = 51 + -46. Let y be 1*(-2 - 1)*s. List the prime factors of (-10)/y + (-1)/((-6)/428).
2, 3
Let w = 31 - -96. Suppose -5*l + 1612 = w. List the prime factors of l.
3, 11
Let z(d) = d**3 + 17*d**2 + 25*d + 15. Let c be z(-15). Suppose t - 45 = -4*n, 2*t + 13*n - c = 11*n. What are the prime factors of t?
3, 5
Suppose -11272 = -112*b + 397950 + 204314. What are the prime factors of b?
2, 3, 11, 83
Let l(q) = q**3 - 25 + 10 + 20 - 3*q**2 - 14*q. Let y be l(-5). Let a = y - -248. List the prime factors of a.
3, 41
Let x = -4656 + 5319. What are the prime factors of x?
3, 13, 17
Let x(n) = 8*n - 33. Let c be x(4). Let f be (2/6)/c*-84. List the prime factors of 1676/14 - ((-120)/f + 4).
2, 3, 5
Let x(j) = j**3 - 8*j**2 + 8*j - 2. Let v be x(7). Suppose -y - 4*i + 1284 = 0, -4*y + 5056 = -9*i + v*i. List the prime factors of y.
2, 317
Let t(p) = -3*p - 2. Let s be (-2)/(2*4/8 - -1). Let i be t(s). Suppose -4*a = 4*y - 352, 0 = -3*y + i + 5. List the prime factors of a.
2, 43
Let d(u) = -591*u - 1978. What are the prime factors of d(-34)?
2, 7, 647
Suppose -5*s = -4*s + 2*n, s + n = 0. Let z be (-4 + 7)*(s - 1). List the prime factors of (-1281)/14*2/z.
61
Suppose -591 = -8*g + 449. Let q = 4 + g. What are the prime factors of q?
2, 67
Let x(u) = u**3 + 47*u**2 + 66*u - 130. List the prime factors of x(-31).
2, 3, 5, 11
Let z(x) = -3*x**3 - x. Let w be z(3). 